8*a**4 + 0*a. Determine b(o).
0
Let r(x) = -x**3 + x**2 - 2*x + 6. Let k(w) = w**3 - 8*w**2 - 17*w + 72. Let d be k(9). Let t be r(d). Let z(q) = q**3 - 5*q**2 - 9*q + 1. Determine z(t).
-17
Let b(s) be the third derivative of s**6/120 + s**5/20 - s**4/6 + 16*s**3/3 + 378*s**2. Determine b(-5).
2
Let b(t) = t**3 - 3*t**2 + 6*t + 3. Let z = 318 - 313. Let x(r) = r. Let i(c) = z*x(c) - b(c). Determine i(3).
-6
Let v be (-8)/(-14) + 6/14. Let f be (10 - 8) + (v - (-2 - -3)). Let l(a) = -5*a - 2*a**f - 20 + 20. Determine l(-4).
-12
Let n(o) be the first derivative of o**7/840 + o**6/60 - o**5/24 + 5*o**4/24 + 2*o**3 - o + 20. Let p(d) be the third derivative of n(d). Give p(-7).
-9
Let f(q) = 3*q**3 - 29*q + 2*q**3 - 11 - 9*q**3 - 11*q**2 + 4*q**3 - q**3. Calculate f(-7).
-4
Let a(l) = -3*l**3 + 2*l**2 + l. Let z(g) = 2*g**2 - 20*g + 10. Let u be z(9). Let r = 21 + u. Let b = -14 + r. Calculate a(b).
4
Let w(j) = j**2 + 3*j - 59. Let n(p) = -3*p**2 + 35*p + 71. Let a be n(-2). Determine w(a).
29
Let f be -1 + (-6)/(-2) - 3. Let c(s) be the second derivative of -11*s**3/3 - s**2/2 - 409*s. Calculate c(f).
21
Let o(i) be the first derivative of -3*i**2 - 39 + 1/3*i**3 + 0*i. Suppose 20 = 3*n + d - 0*d, 4*d = 5*n - 5. Determine o(n).
-5
Let o(w) = -w**3 + 6*w**2 - 3. Suppose -51*a - 1157 = -195*a - 293. Calculate o(a).
-3
Let y(k) be the third derivative of -k**4/12 - 2*k**3/3 - 57*k**2 + 2*k. Suppose -12*u + 45 = 9. Determine y(u).
-10
Let t(o) be the third derivative of o**8/20160 - 11*o**7/5040 + o**6/60 - o**5/60 + 10*o**3 + 91*o**2. Let g(q) be the third derivative of t(q). What is g(9)?
-6
Let i(l) = -5*l**2 + 22*l - 33. Let v(n) = -9*n**2 + 42*n - 62. Let h(w) = 7*i(w) - 4*v(w). Calculate h(9).
-28
Let i(b) = -18108*b**2 + 36214*b**2 - 10*b + 9 - 18102*b**2. Calculate i(4).
33
Let f(d) = -2*d**2 - d + 59. Let j be f(0). Suppose 13*t - 84 = j. Let c(o) be the second derivative of -o**3/6 + 7*o**2/2 - 12*o. Calculate c(t).
-4
Let u(r) = -r**3 - 3*r**2 + 4*r - 3. Let o(s) be the second derivative of -s**5/4 + s**4/12 + 506*s. Suppose -f + 3*f - 2 = 0. Let i be o(f). What is u(i)?
-3
Let s(k) = k**2 - 8*k + 12. Let a(v) = -v + 1. Let f(g) = -g - 7. Let p be f(-10). Suppose 0*j - p = 3*j. Let w(d) = j*s(d) - 3*a(d). Determine w(10).
-5
Let x = -1251 - -1234. Let b(g) = g + 2. Calculate b(x).
-15
Let b(p) = -1450 - p**2 - 19*p + 453 + 474 + 471. Calculate b(-3).
-4
Let h = -29 - -24. Let y(l) = 4*l**2 - 25*l + 21. Let u(s) = -1 - 17*s - 1 + 16 - 16*s**2 + 19*s**2. Let b(i) = -7*u(i) + 5*y(i). Determine b(h).
12
Suppose -13*n + 11 + 2 = 0. Let g(s) = -44*s + 52. Determine g(n).
8
Let a(l) be the first derivative of -l**3/3 + 7*l**2 + 7*l + 2484. What is a(8)?
55
Suppose -62 + 10 = -4*p. Let g(j) = 4*j**2 - 87*j - 6. Let i be g(22). Let v(l) = i - 2*l - p + 0*l. What is v(-7)?
17
Let n = 8 + -10. Let q(l) be the second derivative of l**5/20 + l**4/6 - l**3/6 - l**2 + 3317*l. What is q(n)?
0
Let h(w) = 3*w + 23. Let x = -35905 - -35898. Calculate h(x).
2
Let j(q) = q**2 + 9*q + 17. Let r(u) = 3*u**2 + 4*u + 1. Let t be r(-4). Let m be (t/6)/11*-14. Calculate j(m).
3
Let v(o) = 2*o**2 - o - 1. Let y(s) = -6*s**2 - 2*s + 7. Let a(m) = -4*v(m) - y(m). Let i(k) = 14*k + 33. Let q be i(-2). Give a(q).
-23
Let g(c) = -c**2 - c**3 - 2*c**2 - c - c + 2. Let p(z) = -z**2 + 280*z + 2301. Let t be p(-8). Give g(t).
8
Suppose -274*x + 784 = -3600. Let b(s) = -10*s + 157. Calculate b(x).
-3
Let u(d) be the first derivative of -d**4/4 - 4*d**3/3 - 3*d**2/2 - d + 369. What is u(-1)?
-1
Let x(r) = -5789*r - 8*r**2 + 5 - 11 + 6 + 5597*r. Give x(-24).
0
Suppose 946*v - 957*v + 22 = 0. Let u(h) = -15*h**2 - 4*h. Give u(v).
-68
Let f be 6/(10 + 376/(-37)). Let d(h) = h**3 + 36*h**2 - 37*h + 1. Calculate d(f).
1
Suppose -9 + 21 + 67 = -79*h. Let c(o) = 5*o**2 + 5*o + 1. What is c(h)?
1
Let c(m) = -m**2 + 10. Suppose -27 = -2*b - 21. Let z(i) be the second derivative of i**4/4 - 29*i**2/2 - 2*i - 2. Let y(o) = b*z(o) + 8*c(o). What is y(0)?
-7
Let h(z) = 37*z**2 - z - 1. Suppose o - 4*l - 459 + 448 = 0, -4*o - 5*l = 19. Calculate h(o).
37
Let h(o) = 8*o - 5. Suppose 5*n = -4*l + 81 - 48, 2*l - 11 = 3*n. Give h(l).
51
Let f(p) be the first derivative of -p + 7/2*p**2 - 64. Let t be 10/55 - 18/(-22). Give f(t).
6
Let i(b) = 22*b + 166. Let l(q) = 52*q - 579. Let g be l(11). Give i(g).
12
Let c(q) = q. Suppose -h - 2 = -41. Suppose -65 = -2*m - h. Suppose -4*x = -v - 2, -2*v + 3 + m = 2*x. Calculate c(v).
6
Let t(d) = -3*d - 6. Let z(n) = 4*n + 6. Let k(q) = 34*q**2 + 268*q - 34. Let a be k(-8). Let o = 4 - 7. Let p(y) = a*z(y) + o*t(y). Give p(0).
6
Let j(m) = -3*m**2 - 3*m. Suppose 0 = w - 9*w + 8. Suppose -2*r - 2*l - 6 = 0, 3*r + 0 + w = 5*l. What is j(r)?
-6
Let p(k) = -3*k - 7. Suppose 2*s = -5*x + 6, -5*x - 1 = 3*s - 5. Let w be 1102/(-285) + (56/30 - x). Determine p(w).
5
Let j(t) = 12*t**2 + 2*t - 144 - 15*t**2 - 130 + 273. Let n = -12 + 20. Let c be ((-4)/7)/(n/(-28)). Determine j(c).
-9
Let z(x) = -x**2 + 17*x + 195. Let j(s) = -845*s + 1682. Let v be j(2). Calculate z(v).
-5
Let m(l) = -l**2 - 15*l - 1. Let c(q) = q**2 + 17*q + 1. Let b = -177 + 171. Let t(o) = b*c(o) - 7*m(o). Let f be 2/2*3*-1. Determine t(f).
1
Let n(j) be the second derivative of -j**4/12 - j**3/3 - 3*j**2 + 29*j - 18. What is n(-8)?
-54
Let c(s) = 9*s**2 - 1. Let u(z) = -z**2 + 71*z - 26. Let a be u(71). Suppose 0 = l + 21 + 4. Let d = a - l. Calculate c(d).
8
Let l = 404 - 413. Let r(p) be the first derivative of p**4/4 + 3*p**3 + p**2/2 - p - 64. Give r(l).
-10
Let p(v) = 10*v + 40. Let o = 4136 + -4140. Determine p(o).
0
Let d(m) = -25*m + 32. Let j(h) = 29*h - 33. Let g(i) = -6*d(i) - 5*j(i). Give g(6).
3
Suppose -49*h + 44*h = -10. Let s(x) = -14*x**2 + 2 + 8*x - 3 - 9*x + 16*x**h + 2*x**3. Determine s(2).
21
Let k be (12/18)/((-32)/30 + 1). Let g(a) = a**3 + 10*a**2 - 2*a - 9. Determine g(k).
11
Let m(o) = -o**3 - 4*o**2 - 8*o - 15. Suppose -2085*j - 28 = -2078*j. Give m(j).
17
Let l(u) = -3*u + 10. Let b = 168 - 164. Let s(o) = 2*o - 4. Let k(q) = b*l(q) + 7*s(q). Calculate k(-11).
-10
Let q(u) = 17*u**3 + 13*u**2 + 16*u - 9. Let p(z) = 7*z**3 + 6*z**2 + 7*z - 4. Let c(n) = -9*p(n) + 4*q(n). Calculate c(1).
4
Let m(a) = 4*a**2 - 1418*a + 1418*a. Let y be m(1). Suppose -y*x - 34 + 30 = 0. Let r(w) = 8*w. Determine r(x).
-8
Let g(o) = -4*o**2 - 19*o - 16. Let z(v) = -17*v**2 - 76*v - 63. Let w(k) = 9*g(k) - 2*z(k). What is w(-8)?
6
Let z(q) = 3*q**2 - 19*q + 9. Let t be 9/(594/385) - (-2)/12. What is z(t)?
3
Let w(l) = -l**2 - 31*l + 5. Let n be w(-31). Let c(y) = -y**2 - 14*y + 101. Calculate c(n).
6
Let x = -30 - -34. Suppose -9*w + 7*w + 4 = -4*d, d = x*w + 13. Let a(m) be the second derivative of -m**3/6 - m**2/2 - 6*m. Give a(d).
2
Let u(c) = -4*c + 1. Let p be 1156/5202 - (-104)/18. What is u(p)?
-23
Let k(d) = d**3 + 20*d**2 + 16*d - 53. Let r be k(-19). Let y(u) = 0 + 5 - r*u - 7 + 10. Calculate y(6).
-16
Let o(y) = -y + 12. Let i be o(11). Let m(r) be the third derivative of -7*r**4/6 - r**3/6 + 6299*r**2. Give m(i).
-29
Let j = 13 + -11. Let g(a) = -17 - 17*a - 2*a**j + 2*a + 27*a. Let q(c) = c**2 - 6*c + 9. Let p(y) = -6*g(y) - 11*q(y). Give p(4).
-5
Let g(a) = -2*a**2 + 17*a + 27*a + 19*a + 17*a + 12*a - 89*a. Let q(h) = h**3 - 6*h**2. Let z be q(6). Suppose -2*j = -z - 2, 3*j = s. Calculate g(s).
-9
Suppose -165 = -22*h + 11. Let r(n) = -n**2 + 4*n - 101 + 196 - 91. Give r(h).
-28
Let x = -203 + 321. Suppose 90 - x = -4*z. Let o(p) be the first derivative of -p**2/2 + p - 3. What is o(z)?
-6
Let s(a) = -a**2 - 4*a - 1. Suppose -9*w + 104 = 59. Suppose -3 = -4*l - 3*q - 22, 0 = l + 4*q - w. Give s(l).
-22
Let d(s) be the second derivative of -s**4/12 - 19*s**3/6 - 43*s**2/2 + 22*s + 23. Give d(-15).
17
Let u be 1 + -1*(1 - 0). Let o(y) = -4*y + 2*y + u*y + 2. Suppose -5*t = -2*d - 29, 53*t - 29 = -5*d + 51*t. What is o(d)?
-4
Let d(u) = 4*u + 11 + 6*u + 2*u - 2*u - 2*u. Calculate d(4).
43
Let t(i) = 2. Suppose 9 = -3*g + 5*g - 5*n, -5*g + 3*n = 25. Let z(o) = -4*o - 12. Let s(k) = g*t(k) - z(k). Give s(4).
12
Let v(i) = i**3 - 14*i**2 + i - 4. Let k be v(14). Let j(u) = k - 3*u - 24 + 3 + 2*u. Calculate j(8).
-19
Let q(w) = 3*w**3 - 17*w**2 + 19*w + 14. Let b(c) = 2*c**3 